{"id":512,"date":"2025-11-07T10:57:52","date_gmt":"2025-11-07T13:57:52","guid":{"rendered":"https:\/\/www.certask.com.br\/wordpress\/?page_id=512"},"modified":"2025-11-07T15:26:16","modified_gmt":"2025-11-07T18:26:16","slug":"curso-de-extensao-em-seguranca-para-eventos-sociais-50h-aula","status":"publish","type":"page","link":"https:\/\/www.certask.com.br\/wordpress\/?page_id=512","title":{"rendered":"Extens\u00e3o em Seguran\u00e7a para Eventos Sociais 50h\/aula"},"content":{"rendered":"\n\n\n<p><strong>Requisitos para realizar o curso<\/strong>:<\/p>\n<p>Ter conclu\u00eddo o Curso de Forma\u00e7\u00e3o de Vigilante &#8211; CFV.<\/p>\n<p>OBJETIVO<\/p>\n<p>Dotar o aluno de conhecimentos, t\u00e9cnicas, habilidades e atitudes que o capacitem para o exerc\u00edcio da atividade de seguran\u00e7a das pessoas e do patrim\u00f4nio nos recintos onde forem realizados eventos sociais, adotando medidas preventivas e repressivas nos limites de suas tarefas no \u00e2mbito operacional da estrutura de seguran\u00e7a, numa fun\u00e7\u00e3o complementar \u00e0s atividades dos \u00f3rg\u00e3os estatais de seguran\u00e7a e servi\u00e7os, sem preju\u00edzo das compet\u00eancias que s\u00e3o espec\u00edficas dessas for\u00e7as, com o fim de prover a seguran\u00e7a de todos os envolvidos no evento, assegurando um ambiente confort\u00e1vel, seguro e de perfeita normalidade e harmonia para os organizadores e para o p\u00fablico.<\/p>\n<p><strong>Homologa\u00e7\u00e3o<\/strong>: para a aprova\u00e7\u00e3o no curso o aluno dever\u00e1 possuir no m\u00ednimo 90% de frequ\u00eancia e obter no m\u00ednimo a nota 6\/10 em prova te\u00f3rica.<\/p>\n<p><strong>Disciplinas ministradas:<\/strong><\/p>\n<ul>\n<li>Papel do Vigilante na Seguran\u00e7a de Eventos Sociais<\/li>\n<li>Controle de Acesso<\/li>\n<li>Gerenciamento de P\u00fablico<\/li>\n<li>Gest\u00e3o de Multid\u00f5es<\/li>\n<li>Resolu\u00e7\u00e3o de Situa\u00e7\u00f5es de Emerg\u00eancias<\/li>\n<li>Preven\u00e7\u00e3o e Combate a Inc\u00eandio<\/li>\n<li>Primeiros Socorros<\/li>\n<\/ul>\n<p><strong>Documenta\u00e7\u00e3o para a realiza\u00e7\u00e3o do curso:<\/strong><\/p>\n<ul>\n<li>Formaliza\u00e7\u00e3o da Inscri\u00e7\u00e3o no Curso;<\/li>\n<li>Carteira de Identidade e CPF \/ ou CNH;<\/li>\n<li>Certificado do Curso de Curso de Forma\u00e7\u00e3o de Vigilante;<\/li>\n<li>Dispensa ou Reservista militar (obrigat\u00f3rio para homens de at\u00e9 45 anos);<\/li>\n<li>Comprovante de resid\u00eancia;<\/li>\n<li>Antecedentes Criminais Pol\u00edcia Civil (https:\/\/www.pc.rs.gov.br\/emitir-certidao-de-antecedentes-policiais);<\/li>\n<li>Certid\u00e3o CRIMINAL Negativa da Justi\u00e7a Federal (https:\/\/www2.trf4.jus.br\/trf4\/processos\/certidao\/index.php);<\/li>\n<li>Certid\u00e3o Negativa da Justi\u00e7a Estadual (https:\/\/www.tjrs.jus.br\/novo\/processos-e-servicos\/servicos-processuais\/emissao-de-antecedentes-e-certidoes\/);<\/li>\n<li>Certid\u00e3o de ANTECEDENTES da Justi\u00e7a Militar Estadual(https:\/\/www.tjmrs.jus.br\/certidoes\/solicitar);<\/li>\n<li>Certid\u00e3o da Justi\u00e7a Militar Uni\u00e3o (https:\/\/www.stm.jus.br\/servicos-stm\/certidao-negativa\/emitir-certidao-negativa);<\/li>\n<li>Certid\u00e3o Negativa de Quita\u00e7\u00e3o Eleitoral (http:\/\/www.tse.jus.br\/eleitor\/certidoes\/certidao-de-quitacao-eleitoral);<\/li>\n<li>Exame M\u00e9dico (agendado pela Certask);<\/li>\n<li>Exame Psicol\u00f3gico (agendado pela Certask).<\/li>\n<\/ul>\n","protected":false},"excerpt":{"rendered":"<p>Requisitos para realizar o curso: Ter conclu\u00eddo o Curso de Forma\u00e7\u00e3o de Vigilante &#8211; CFV. OBJETIVO Dotar o aluno de conhecimentos, t\u00e9cnicas, habilidades e atitudes que o capacitem para o exerc\u00edcio da atividade de seguran\u00e7a das pessoas e do patrim\u00f4nio &hellip; <a href=\"https:\/\/www.certask.com.br\/wordpress\/?page_id=512\">Continue lendo <span class=\"meta-nav\">&rarr;<\/span><\/a><\/p>\n","protected":false},"author":10,"featured_media":555,"parent":6,"menu_order":10,"comment_status":"closed","ping_status":"closed","template":"","meta":{"footnotes":""},"class_list":["post-512","page","type-page","status-publish","has-post-thumbnail","hentry"],"_links":{"self":[{"href":"https:\/\/www.certask.com.br\/wordpress\/index.php?rest_route=\/wp\/v2\/pages\/512","targetHints":{"allow":["GET"]}}],"collection":[{"href":"https:\/\/www.certask.com.br\/wordpress\/index.php?rest_route=\/wp\/v2\/pages"}],"about":[{"href":"https:\/\/www.certask.com.br\/wordpress\/index.php?rest_route=\/wp\/v2\/types\/page"}],"author":[{"embeddable":true,"href":"https:\/\/www.certask.com.br\/wordpress\/index.php?rest_route=\/wp\/v2\/users\/10"}],"replies":[{"embeddable":true,"href":"https:\/\/www.certask.com.br\/wordpress\/index.php?rest_route=%2Fwp%2Fv2%2Fcomments&post=512"}],"version-history":[{"count":2,"href":"https:\/\/www.certask.com.br\/wordpress\/index.php?rest_route=\/wp\/v2\/pages\/512\/revisions"}],"predecessor-version":[{"id":520,"href":"https:\/\/www.certask.com.br\/wordpress\/index.php?rest_route=\/wp\/v2\/pages\/512\/revisions\/520"}],"up":[{"embeddable":true,"href":"https:\/\/www.certask.com.br\/wordpress\/index.php?rest_route=\/wp\/v2\/pages\/6"}],"wp:featuredmedia":[{"embeddable":true,"href":"https:\/\/www.certask.com.br\/wordpress\/index.php?rest_route=\/wp\/v2\/media\/555"}],"wp:attachment":[{"href":"https:\/\/www.certask.com.br\/wordpress\/index.php?rest_route=%2Fwp%2Fv2%2Fmedia&parent=512"}],"curies":[{"name":"wp","href":"https:\/\/api.w.org\/{rel}","templated":true}]}}