{"id":293,"date":"2014-02-13T14:30:15","date_gmt":"2014-02-13T16:30:15","guid":{"rendered":"http:\/\/localhost\/certask-old\/?page_id=293"},"modified":"2025-11-07T15:26:02","modified_gmt":"2025-11-07T18:26:02","slug":"curso-de-equipamentos-nao-letais-i","status":"publish","type":"page","link":"https:\/\/www.certask.com.br\/wordpress\/?page_id=293","title":{"rendered":"Extens\u00e3o em Equipamentos N\u00e3o Letais I 15h\/aula"},"content":{"rendered":"<p><span style=\"color: #333333;\"><strong>Requisitos para realizar o curso<\/strong>:\u00a0<\/span><\/p>\n<p>Ter conclu\u00eddo o Curso de Forma\u00e7\u00e3o de Vigilante &#8211; CFV.<\/p>\n<p>OBJETIVO<\/p>\n<p>Dotar o aluno de conhecimentos gerais e t\u00e9cnicas relativas ao emprego do espargidor de agente qu\u00edmico lacrimog\u00eaneo em solu\u00e7\u00e3o (l\u00edquido), de espuma ou gel, da arma de choque, bem como o emprego e uso da for\u00e7a de maneira seletiva, com o aux\u00edlio de armas n\u00e3o letais (instrumentos de menor potencial ofensivo), no desempenho das atividades de vigil\u00e2ncia patrimonial e seguran\u00e7a pessoal.<\/p>\n<p><span style=\"color: #333333;\"><strong>Homologa\u00e7\u00e3o<\/strong>: para a aprova\u00e7\u00e3o no curso o aluno dever\u00e1 possuir no m\u00ednimo 90% de frequ\u00eancia e obter no m\u00ednimo a nota 6\/10 na prova te\u00f3rica.<\/span><\/p>\n<p><span style=\"color: #333333;\"><strong>Disciplinas ministradas:<\/strong><\/span><\/p>\n<ul>\n<li>Uso Seletivo da For\u00e7a;<\/li>\n<li>Equipamentos N\u00e3o Letais.<\/li>\n<\/ul>\n<p><span style=\"color: #333333;\"><strong>Documenta\u00e7\u00e3o para a realiza\u00e7\u00e3o do curso:<\/strong><\/span><\/p>\n<ul>\n<li>Formaliza\u00e7\u00e3o da Inscri\u00e7\u00e3o no Curso;<\/li>\n<li>Carteira de Identidade e CPF \/ ou CNH;<\/li>\n<li>Certificado do Curso de Forma\u00e7\u00e3o;<\/li>\n<li>Dispensa ou Reservista militar (obrigat\u00f3rio para homens de at\u00e9 45 anos);<\/li>\n<li>Comprovante de resid\u00eancia;<\/li>\n<li>Antecedentes Criminais Pol\u00edcia Civil (https:\/\/www.pc.rs.gov.br\/emitir-certidao-de-antecedentes-policiais);<\/li>\n<li>Certid\u00e3o CRIMINAL Negativa da Justi\u00e7a Federal (https:\/\/www2.trf4.jus.br\/trf4\/processos\/certidao\/index.php);<\/li>\n<li>Certid\u00e3o Negativa da Justi\u00e7a Estadual (https:\/\/www.tjrs.jus.br\/novo\/processos-e-servicos\/servicos-processuais\/emissao-de-antecedentes-e-certidoes\/);<\/li>\n<li>Certid\u00e3o de ANTECEDENTES da Justi\u00e7a Militar Estadual(https:\/\/www.tjmrs.jus.br\/certidoes\/solicitar);<\/li>\n<li>Certid\u00e3o da Justi\u00e7a Militar Uni\u00e3o (https:\/\/www.stm.jus.br\/servicos-stm\/certidao-negativa\/emitir-certidao-negativa);<\/li>\n<li>Certid\u00e3o Negativa de Quita\u00e7\u00e3o Eleitoral (http:\/\/www.tse.jus.br\/eleitor\/certidoes\/certidao-de-quitacao-eleitoral).<\/li>\n<li style=\"text-align: left;\"><span style=\"color: #333333;\">Exame m\u00e9dico (agendado pela Certask)<\/span><\/li>\n<li style=\"text-align: left;\"><span style=\"color: #333333;\">Exame Psicol\u00f3gico (agendado pela Certask)<\/span><\/li>\n<\/ul>\n<p>\u00a0<\/p>\n\n","protected":false},"excerpt":{"rendered":"<p>Requisitos para realizar o curso:\u00a0 Ter conclu\u00eddo o Curso de Forma\u00e7\u00e3o de Vigilante &#8211; CFV. OBJETIVO Dotar o aluno de conhecimentos gerais e t\u00e9cnicas relativas ao emprego do espargidor de agente qu\u00edmico lacrimog\u00eaneo em solu\u00e7\u00e3o (l\u00edquido), de espuma ou gel, &hellip; <a href=\"https:\/\/www.certask.com.br\/wordpress\/?page_id=293\">Continue lendo <span class=\"meta-nav\">&rarr;<\/span><\/a><\/p>\n","protected":false},"author":1,"featured_media":555,"parent":6,"menu_order":9,"comment_status":"closed","ping_status":"closed","template":"","meta":{"footnotes":""},"class_list":["post-293","page","type-page","status-publish","has-post-thumbnail","hentry"],"_links":{"self":[{"href":"https:\/\/www.certask.com.br\/wordpress\/index.php?rest_route=\/wp\/v2\/pages\/293","targetHints":{"allow":["GET"]}}],"collection":[{"href":"https:\/\/www.certask.com.br\/wordpress\/index.php?rest_route=\/wp\/v2\/pages"}],"about":[{"href":"https:\/\/www.certask.com.br\/wordpress\/index.php?rest_route=\/wp\/v2\/types\/page"}],"author":[{"embeddable":true,"href":"https:\/\/www.certask.com.br\/wordpress\/index.php?rest_route=\/wp\/v2\/users\/1"}],"replies":[{"embeddable":true,"href":"https:\/\/www.certask.com.br\/wordpress\/index.php?rest_route=%2Fwp%2Fv2%2Fcomments&post=293"}],"version-history":[{"count":5,"href":"https:\/\/www.certask.com.br\/wordpress\/index.php?rest_route=\/wp\/v2\/pages\/293\/revisions"}],"predecessor-version":[{"id":521,"href":"https:\/\/www.certask.com.br\/wordpress\/index.php?rest_route=\/wp\/v2\/pages\/293\/revisions\/521"}],"up":[{"embeddable":true,"href":"https:\/\/www.certask.com.br\/wordpress\/index.php?rest_route=\/wp\/v2\/pages\/6"}],"wp:featuredmedia":[{"embeddable":true,"href":"https:\/\/www.certask.com.br\/wordpress\/index.php?rest_route=\/wp\/v2\/media\/555"}],"wp:attachment":[{"href":"https:\/\/www.certask.com.br\/wordpress\/index.php?rest_route=%2Fwp%2Fv2%2Fmedia&parent=293"}],"curies":[{"name":"wp","href":"https:\/\/api.w.org\/{rel}","templated":true}]}}