{"id":26,"date":"2012-04-14T20:35:37","date_gmt":"2012-04-14T23:35:37","guid":{"rendered":"http:\/\/localhost\/wordpress\/?page_id=26"},"modified":"2025-11-07T15:20:47","modified_gmt":"2025-11-07T18:20:47","slug":"formacao","status":"publish","type":"page","link":"https:\/\/www.certask.com.br\/wordpress\/?page_id=26","title":{"rendered":"Curso de Forma\u00e7\u00e3o de Vigilantes 200h\/aula"},"content":{"rendered":"<p><span style=\"color: #333333;\">O curso de forma\u00e7\u00e3o de vigilantes e\u0301 ministrado de acordo com as normativas legais, totalmente presencial, sendo o certificado emitido pela Pol\u00edcia Federal e v\u00e1lido em todo Brasil.<\/span><\/p>\n<p style=\"text-align: justify;\"><span style=\"color: #333333;\">Este curso \u00e9 a porta de entrada para a seguran\u00e7a privada,\u00a0 com a finalidade de profissionalizar pessoas a atuarem na \u00e1rea de seguran\u00e7a patrimonial. <\/span><\/p>\n<p style=\"text-align: justify;\"><span style=\"color: #333333;\">Tem como objetivo dotar o aluno de conhecimentos, t\u00e9cnicas, habilidades e atitudes que o capacitem para o exerc\u00edcio da profiss\u00e3o de vigilante, em complemento \u00e0 seguran\u00e7a p\u00fablica, inclu\u00eddas as atividades relativas a seguran\u00e7a patrimonial, \u00e0 seguran\u00e7a f\u00edsica de estabelecimentos financeiros e outros.<\/span><\/p>\n<p style=\"text-align: justify;\"><span style=\"color: #333333;\">As aulas ser\u00e3o ministradas em turno integral\u00a0de segunda a sexta das 08:00 \u00e0s 11:30 e das 13:30 at\u00e9 as 18:30, e no s\u00e1bado das 08:00 \u00e0s 11:30 e das 13:00 at\u00e9 as 17:00.<\/span><\/p>\n<p style=\"text-align: justify;\"><span style=\"color: #000000;\"><strong>Requisitos para realizar o curso<\/strong>:\u00a0<\/span><\/p>\n<p><span style=\"color: #333333;\">Possuir 21 anos completos;<\/span><\/p>\n<p><span style=\"color: #333333;\">Ter conclu\u00eddo o ensino fundamental;<\/span><\/p>\n<p><span style=\"color: #333333;\">Ter aprova\u00e7\u00e3o em exames de sa\u00fade f\u00edsica, mental e de aptid\u00e3o psicol\u00f3gica;<\/span><\/p>\n<p><span style=\"color: #333333;\">Estar quite com as obriga\u00e7\u00f5es eleitorais e militares;<\/span><\/p>\n<p><span style=\"color: #333333;\">Possuir CPF;<\/span><\/p>\n<p><span style=\"color: #333333;\">Ter idoneidade comprovada mediante a apresenta\u00e7\u00e3o de certid\u00f5es negativas de antecedentes criminais, sem registros de ter sido condenado em processo criminal.<\/span><\/p>\n<p style=\"text-align: justify;\"><span style=\"color: #333333;\"><strong>Homologa\u00e7\u00e3o<\/strong>: para a aprova\u00e7\u00e3o no curso o aluno dever\u00e1 possuir no m\u00ednimo 90% de frequ\u00eancia e obter no m\u00ednimo a nota 6\/10 em cada disciplina.<\/span><\/p>\n<p style=\"text-align: justify;\"><span style=\"color: #000000;\"><strong>Disciplinas ministradas:<\/strong><\/span><\/p>\n<ul style=\"text-align: justify;\">\n<li><span style=\"color: #333333;\">No\u00e7\u00f5es de Seguran\u00e7a Privada;<\/span><\/li>\n<li><span style=\"color: #333333;\">Legisla\u00e7\u00e3o Aplicada;<\/span><\/li>\n<li><span style=\"color: #333333;\"> Direitos Humanos;<\/span><\/li>\n<li><span style=\"color: #333333;\">Rela\u00e7\u00f5es Humanas no Trabalho;<\/span><\/li>\n<li><span style=\"color: #333333;\">Sistema Nacional de Seguran\u00e7a P\u00fablica e Crime Organizado;<\/span><\/li>\n<li><span style=\"color: #333333;\">Preven\u00e7\u00e3o e Combate Inc\u00eandio;<\/span><\/li>\n<li><span style=\"color: #333333;\">\u00a0Primeiros Socorros;<\/span><\/li>\n<li><span style=\"color: #333333;\">Educa\u00e7\u00e3o F\u00edsica;<\/span><\/li>\n<li><span style=\"color: #333333;\">Defesa Pessoal;<\/span><\/li>\n<li><span style=\"color: #333333;\">Armamento e Tiro;<\/span><\/li>\n<li><span style=\"color: #333333;\">Vigil\u00e2ncia;<\/span><\/li>\n<li><span style=\"color: #333333;\">Radiocomunica\u00e7\u00f5es;<\/span><\/li>\n<li><span style=\"color: #333333;\">No\u00e7\u00f5es de Seguran\u00e7a Eletr\u00f4nica;<\/span><\/li>\n<li><span style=\"color: #333333;\">No\u00e7\u00f5es de Criminal\u00edstica e T\u00e9cnicas de Entrevista Pr\u00e9via;<\/span><\/li>\n<li><span style=\"color: #333333;\">Uso Seletivo da For\u00e7a;<\/span><\/li>\n<li><span style=\"color: #333333;\">Gerenciamento de Crise.<\/span><\/li>\n<\/ul>\n<p style=\"text-align: justify;\"><span style=\"color: #333333;\"><strong>Documenta\u00e7\u00e3o para a realiza\u00e7\u00e3o do curso:<\/strong><\/span><\/p>\n<ul style=\"text-align: justify;\">\n<li style=\"text-align: left;\"><span style=\"color: #333333;\">Ficha de Inscri\u00e7\u00e3o Preenchida<\/span><\/li>\n<li style=\"text-align: left;\"><span style=\"color: #333333;\">Contrato Assinado<\/span><\/li>\n<li style=\"text-align: left;\"><span style=\"color: #333333;\">Carteira de Identidade e CPF \/ ou CNH;<\/span><\/li>\n<li style=\"text-align: left;\"><span style=\"color: #333333;\">Certificado, Atestado OU Hist\u00f3rico escolar;<\/span><\/li>\n<li style=\"text-align: left;\"><span style=\"color: #333333;\">Dispensa ou Reservista militar (obrigat\u00f3rio para homens de at\u00e9 45 anos);<\/span><\/li>\n<li style=\"text-align: left;\"><span style=\"color: #333333;\">Comprovante de resid\u00eancia;<\/span><\/li>\n<li style=\"text-align: left;\"><span style=\"color: #333333;\">Antecedentes Criminais Pol\u00edcia Civil <\/span><span style=\"color: #333333;\">(https:\/\/www.pc.rs.gov.br\/emitir-certidao-de-antecedentes-policiais)<\/span><\/li>\n<li style=\"text-align: left;\"><span style=\"color: #333333;\">Certid\u00e3o CRIMINAL Negativa da Justi\u00e7a Federal (https:\/\/www2.trf4.jus.br\/trf4\/processos\/certidao\/index.php)<\/span><\/li>\n<li style=\"text-align: left;\"><span style=\"color: #333333;\">Certid\u00e3o Negativa da Justi\u00e7a Estadual (https:\/\/www.tjrs.jus.br\/novo\/processos-e-servicos\/servicos-processuais\/emissao-de-antecedentes-e-certidoes\/)<\/span><\/li>\n<li style=\"text-align: left;\"><span style=\"color: #333333;\">Certid\u00e3o CRIMINAL da Justi\u00e7a Militar Estadual(https:\/\/www.tjmrs.jus.br\/certidoes\/solicitar)<\/span><\/li>\n<li style=\"text-align: left;\"><span style=\"color: #333333;\">Certid\u00e3o da Justi\u00e7a Militar Uni\u00e3o (https:\/\/www.stm.jus.br\/servicos-stm\/certidao-negativa\/emitir-certidao-negativa)<\/span><\/li>\n<li style=\"text-align: left;\"><span style=\"color: #333333;\">Certid\u00e3o Negativa de Quita\u00e7\u00e3o Eleitoral (<a style=\"color: #333333;\" href=\"http:\/\/www.tse.jus.br\/eleitor\/certidoes\/certidao-de-quitacao-eleitoral\" data-wplink-edit=\"true\">http:\/\/www.tse.jus.br\/eleitor\/certidoes\/certidao-de-quitacao-eleitoral<\/a>)<\/span><\/li>\n<li style=\"text-align: left;\"><span style=\"color: #333333;\">Exame m\u00e9dico (agendado pela Certask)<\/span><\/li>\n<li style=\"text-align: left;\"><span style=\"color: #333333;\">Exame Psicol\u00f3gico (agendado pela Certask)<\/span><\/li>\n<\/ul>\n\n","protected":false},"excerpt":{"rendered":"<p>O curso de forma\u00e7\u00e3o de vigilantes e\u0301 ministrado de acordo com as normativas legais, totalmente presencial, sendo o certificado emitido pela Pol\u00edcia Federal e v\u00e1lido em todo Brasil. Este curso \u00e9 a porta de entrada para a seguran\u00e7a privada,\u00a0 com &hellip; <a href=\"https:\/\/www.certask.com.br\/wordpress\/?page_id=26\">Continue lendo <span class=\"meta-nav\">&rarr;<\/span><\/a><\/p>\n","protected":false},"author":1,"featured_media":555,"parent":6,"menu_order":1,"comment_status":"closed","ping_status":"closed","template":"","meta":{"footnotes":""},"class_list":["post-26","page","type-page","status-publish","has-post-thumbnail","hentry"],"_links":{"self":[{"href":"https:\/\/www.certask.com.br\/wordpress\/index.php?rest_route=\/wp\/v2\/pages\/26","targetHints":{"allow":["GET"]}}],"collection":[{"href":"https:\/\/www.certask.com.br\/wordpress\/index.php?rest_route=\/wp\/v2\/pages"}],"about":[{"href":"https:\/\/www.certask.com.br\/wordpress\/index.php?rest_route=\/wp\/v2\/types\/page"}],"author":[{"embeddable":true,"href":"https:\/\/www.certask.com.br\/wordpress\/index.php?rest_route=\/wp\/v2\/users\/1"}],"replies":[{"embeddable":true,"href":"https:\/\/www.certask.com.br\/wordpress\/index.php?rest_route=%2Fwp%2Fv2%2Fcomments&post=26"}],"version-history":[{"count":54,"href":"https:\/\/www.certask.com.br\/wordpress\/index.php?rest_route=\/wp\/v2\/pages\/26\/revisions"}],"predecessor-version":[{"id":518,"href":"https:\/\/www.certask.com.br\/wordpress\/index.php?rest_route=\/wp\/v2\/pages\/26\/revisions\/518"}],"up":[{"embeddable":true,"href":"https:\/\/www.certask.com.br\/wordpress\/index.php?rest_route=\/wp\/v2\/pages\/6"}],"wp:featuredmedia":[{"embeddable":true,"href":"https:\/\/www.certask.com.br\/wordpress\/index.php?rest_route=\/wp\/v2\/media\/555"}],"wp:attachment":[{"href":"https:\/\/www.certask.com.br\/wordpress\/index.php?rest_route=%2Fwp%2Fv2%2Fmedia&parent=26"}],"curies":[{"name":"wp","href":"https:\/\/api.w.org\/{rel}","templated":true}]}}